/b. Let y(c) = -c**2 + 23*c - 8. Calculate the remainder when y(o) is divided by 10.
4
Let o(w) = -9*w**3 - w**2. Let r(n) = -164*n**2 - 13*n + 21. Let s be r(2). Let t = -616 - s. What is the remainder when t is divided by o(-1)?
5
Suppose -z + 94 = r + 2*z, 0 = 4*r - 2*z - 334. What is the remainder when 148 is divided by (r/10)/(3 - (-10)/(-4))?
12
Let m(c) = -c**2 - 9*c + 11. Let t = 150 + -116. Suppose -350*a + t = -349*a. What is the remainder when a is divided by m(-8)?
15
Let v = -22422 + 25144. Calculate the remainder when v is divided by 151.
4
Let n = 16821 + -15434. Calculate the remainder when n is divided by 116.
111
What is the remainder when (-63364)/(-188) - 30/705 is divided by 81?
13
Suppose -3*t - 31732 = -2*r, -115*t - 63470 = -4*r - 112*t. Calculate the remainder when r is divided by 10.
9
Let t(h) = h**3 - 9*h**2 + 13*h - 3. Let w = 261 - 253. What is the remainder when 72 is divided by t(w)?
35
What is the remainder when (-5 + 100)/(27/189) is divided by 67?
62
Let v = -590479 + 590517. Let k = -1 - -5. Suppose -o - u + 8 = -5, -k*o - u + 43 = 0. What is the remainder when v is divided by o?
8
Let s be (66/18)/(1/(-33)) + -4. Let u = 306 + -442. Let v = s - u. Calculate the remainder when 175 is divided by v.
10
Suppose 5*k - 4*k = 3*u + 216, 634 = 3*k - 2*u. Suppose 0 = 2*n - 7*n + k. Suppose 0 = -4*a + 292 + 376. What is the remainder when a is divided by n?
41
Let d(t) = -12*t + 209. Let h be d(8). Suppose h*o = 115*o - 552. Calculate the remainder when o is divided by 71.
63
Let j = -20 + 23. Suppose 0 = 122*f - 118*f - 104. Suppose -179 = -j*b - f. Calculate the remainder when b is divided by 4.
3
Suppose 15*s - 10*s - p = 682, -4*p = 2*s - 264. Calculate the remainder when s is divided by -2*3 - (13 + (-9 - 32)).
4
Let z(f) = f**2 + 27*f - 32. Let x be z(-28). Calculate the remainder when 75 is divided by (-156)/(-15) - x/(-10).
5
Let t = -163 - -165. Suppose -502 = -5*w - t*z, 4*z + 398 = 4*w + 2*z. What is the remainder when w is divided by 53?
47
Calculate the remainder when ((-232019)/(-123) - 18) + -2*(-2)/(-12) is divided by 370.
18
Suppose -3*f + 15*k + 597 = 0, -5*f - k = 187 - 1078. What is the remainder when f is divided by 58?
5
Let b = 2522 + -2249. Calculate the remainder when b is divided by 96.
81
Let m = -80 - -81. Suppose 10 = d - 3*n + m, 0 = 2*d + 4*n - 28. Let a = 46 + 1. Calculate the remainder when a is divided by d.
11
Suppose 3*g = 139 + 302. Suppose -3*v = 3*r - 1095 - g, -5*r = 25. Calculate the remainder when v is divided by 60.
59
Suppose 0 = 8*p - 144 + 112. Suppose -9*z - 149 = -12*z - p*r, -2*z = -r - 92. What is the remainder when 137 is divided by z?
43
Let u be -2 + 4 + 0 - -13. Suppose 5*j = 3*q + 22, -j + 2*j - 7 = -2*q. Suppose j*m - u*m = -100. Calculate the remainder when 47 is divided by m.
7
Suppose 5*r = -4*l + 209, 0*r + 3*l + 57 = r. Let t = -46 + r. What is the remainder when (10/(-8))/(t/24) is divided by 16?
14
Suppose -2*m + 4*r - 34 = 0, 17 = -m + r - 5*r. Let q(t) = -17*t - 285. Calculate the remainder when 19 is divided by q(m).
3
Let w(u) = -2*u**3 - 6*u**2 + 6*u - 2. Suppose 29*s - 325 = -54 + 164. Calculate the remainder when w(-5) is divided by s.
8
Let i = -37 - -34. Let k be 7/i + 18/(-135)*5. Calculate the remainder when ((-28)/k)/(1 - (-6)/(-18)) is divided by 5.
4
Suppose -8576 = -9*d - 8342. Let v(h) = 5*h**2 + h - 2. What is the remainder when v(-4) is divided by d?
22
Let n = 73 + -69. Suppose -36 = -n*m + m. Suppose -2 - m = -y. Calculate the remainder when y is divided by 8.
6
What is the remainder when ((-4442)/84 + (-184)/644)*-6 is divided by 118?
83
Let o(t) = 2*t**3 + 2*t**2 - 14*t + 28. Let z = 32 + -6. Calculate the remainder when z is divided by o(2).
2
Calculate the remainder when 597 is divided by ((-44)/(-42) + 180/(-252))*27.
3
Let a = -764 + 1079. Let t = -309 + a. Calculate the remainder when 129 is divided by t.
3
Suppose -17 = -t - 3*s, -4*t + t - s = -59. What is the remainder when 3 + 66 + -27 + t is divided by 9?
8
Suppose -202*a + 148920 = 206*a. Calculate the remainder when a is divided by 16.
13
Let g(v) = 7*v**3 + v - 1. Let t be g(1). Calculate the remainder when (-57)/21 + (-2)/t + 48 is divided by 12.
9
Let v(m) = -121*m + 13350. What is the remainder when v(99) is divided by 8?
3
Suppose -4*t + 510 - 534 = 0. Calculate the remainder when (-324)/(-4) + (3 - t/(-2)) is divided by 24.
9
Suppose 6*d - 8*d = 4*p - 10, -3*d + 22 = -p. Let h = 100 - 45. What is the remainder when h is divided by d?
6
What is the remainder when 4677 is divided by 4/(1269/117 + -11)*9/(-2)?
114
Suppose -2*a + 1 + 7 = 0. Let i = 1423 + -1407. What is the remainder when i is divided by a?
0
Calculate the remainder when (-6)/((-36)/6) - (8*-100)/4 is divided by 10.
1
Suppose 7*a = 62*a - 83655. What is the remainder when a is divided by 36?
9
Suppose m = -4*j + 14, -6*m - 2*j = -4*m - 34. Calculate the remainder when 124 is divided by m.
16
Suppose 0 = 51*u - 54*u + 4*l + 387, -4*u + 3*l = -502. What is the remainder when 837 is divided by u?
111
Let s(o) = -o**3 + 3*o**2 - 7*o + 3. Let n be s(3). What is the remainder when (-8)/(2 + -3 - n/30) is divided by 8?
4
Let z(o) = 555*o - 394. What is the remainder when 7887 is divided by z(1)?
159
Let b(j) = -209 + 278*j**2 + 268*j**2 + 2*j + 44*j - 547*j**2. Let m(z) = z**2 - z - 2. Calculate the remainder when b(6) is divided by m(-4).
13
Let u be 3 - (2 - 4/1)/2. Suppose -x = 5*q - 7, u*x = 5*x - 3*q - 15. Calculate the remainder when 71 is divided by x.
11
Let a(m) = 2*m**3 + 44*m**2 + 45*m + 7. Let g be a(-21). Let k(v) = v**3 + 55*v**2 - 56*v + 17. What is the remainder when 202 is divided by k(g)?
15
What is the remainder when (-3)/9 - 6096/(-2)*697/153 is divided by 62?
59
Calculate the remainder when 7052 is divided by (-30 - -24)*(0/(3 + -5) + -2).
8
Let t = -9976 + 9993. What is the remainder when 276 is divided by t?
4
Let r = -43204 + 43461. What is the remainder when r is divided by 21?
5
Let v be 529/(-46) + (-10)/(-4). Let h(a) = -2*a + 4. Let w(m) = m**3 + 8*m**2 - 26*m - 17. Calculate the remainder when w(-10) is divided by h(v).
21
Suppose -4*p - 190 = -9*p. Let z = -808 + 869. Let m = z - p. What is the remainder when m is divided by 7?
2
What is the remainder when 16649 is divided by 338/52 + (-334)/(-4)?
89
Suppose -32043 = -83*d - 669. Calculate the remainder when d is divided by 32.
26
Suppose 18*m - 3379 = 3*m - 1039. What is the remainder when 302 is divided by m?
146
Suppose -5 + 15 = 2*a. Suppose 361 = 2*j + 247. What is the remainder when j is divided by a?
2
Let l(d) = 2*d**3 - 27*d**2 - 10*d + 15. Let o be l(15). Suppose -26*a = -o + 72. Calculate the remainder when 89 is divided by a.
17
Let w(a) = 16*a**3 - 12*a**2 + 41*a + 10. Calculate the remainder when w(3) is divided by 35.
2
Let a = -18886 - -18989. Calculate the remainder when 1018 is divided by a.
91
Let k(m) = -m**2 + 5*m + 52. Calculate the remainder when k(0) is divided by 46.
6
Suppose 0 = -62*q + 55*q + 287. Suppose -157 = -4*l + 3*l. Calculate the remainder when l is divided by q.
34
Let p = -4135 + 4295. What is the remainder when 229 is divided by p?
69
Suppose 2*l - 51 + 11 = 2*m, 18 = 6*m. What is the remainder when l is divided by (-3)/(-5) + 276/15?
4
Suppose -5*g = -4*j - 9717, -13*j = 2*g - 15*j - 3888. Suppose 0 = -7*a + 10*a - g. Calculate the remainder when a is divided by 13.
10
Let a(q) = -2*q**3 + 13*q**2 - 137*q + 637. What is the remainder when 5744 is divided by a(5)?
20
Suppose 1808*k + 370 = 1818*k. Calculate the remainder when -1*2 - (1 - -365)/(-2) is divided by k.
33
Let a = -2978 + 3598. Calculate the remainder when a is divided by 25.
20
Calculate the remainder when 1124 is divided by ((-14 - 89) + 28)*(-10)/6.
124
Let g(a) = 1 - 1 - 2 - 6 - 6*a + 14*a**2. Let f be g(4). Suppose 0 = 5*c - f - 148. What is the remainder when c is divided by 18?
14
Let h(j) = -14*j**3 + 14*j**2 + 14*j. Calculate the remainder when 292 is divided by h(-1).
12
Let a = 7 + 10. Let q(m) = 109*m + 1. Let i be q(3). Calculate the remainder when i/6*(-9)/(-6) is divided by a.
14
Suppose 0 = -i - 2*n + 232, -2*n - 40 = -2*i + 424. Suppose i = 13*w + 16*w. What is the remainder when w is divided by 8?
0
Let k b